erivative of -14*k**4 - 43*k**3/6 - k**2 - 2. Is l(-5) composite?
False
Let q = -3 - -4. Let g(l) = 0 - 19 + q - 4 - 56*l. Is g(-21) composite?
True
Let j(m) = -183*m + 377*m - 5 - 183*m. Is j(1) a prime number?
False
Let r(p) = 1 + 58*p**2 - 674*p + 334*p + 337*p + 30*p**2. Let d be 5/10*-6 + 7. Is r(d) a composite number?
True
Let t = -4107 + 8815. Let k = 8174 - t. Is k composite?
True
Let m(h) = 71*h**2 + 13*h - 25. Let u = 663 + -660. Is m(u) composite?
False
Let s be 8/(3 - 5) + 6. Suppose 0 = -b + 4*b - 3*g + 2697, -s*b = 3*g + 1788. Let y = b + 2900. Is y composite?
False
Let w(h) = -h**3 - 7*h**2 - h - 23. Let v be w(-6). Let n = -60 - v. Let b(q) = 18*q**2 - q - 24. Is b(n) prime?
False
Suppose 40 = -4*h - 4*k, h - 5 = 39*k - 35*k. Suppose 4 + 12 = 4*o. Is 1137 + 7/h - (1 - o) a prime number?
False
Let t = -85767 - -230512. Is t prime?
False
Suppose 0 = v - 0*v - 2*z - 56077, 0 = -5*v - 3*z + 280450. Is v a composite number?
False
Let t(s) = 4*s - 4. Let j be ((-11 + -4)/(-5))/(2 + -1). Let x be t(j). Is x/(-14) - 35916/(-84) a prime number?
False
Is -24 - -19 - -1174*4 composite?
False
Let s be (4/(-4) - -1)/(-2). Suppose 2*h + 357 - 1639 = s. Is h a composite number?
False
Let b(x) = -80308*x + 8035. Is b(-17) prime?
False
Suppose -9*n + 8*n + g = -17, -5*n - 4*g = -103. Suppose 29*h = n*h + 18530. Is h a composite number?
True
Is (-25635438)/(-162) + (-20)/45 composite?
False
Is ((3/1)/((-33)/(-130867)))/(1 + 0) prime?
True
Is (2*48593)/(((-432)/12)/(-18)) a composite number?
False
Let p = 1575 + -2763. Suppose 4*k - 1996 = 1168. Let z = k - p. Is z a prime number?
True
Let k = -552 - -552. Suppose -5*v + 10*h + 1999 = 8*h, 4*v - 5*h - 1589 = k. Is v prime?
True
Let p(h) = -2681*h - 39. Let a = 184 - 186. Is p(a) a composite number?
False
Suppose m - 5*o = 397030, 5*m - 2*m + 5*o - 1191190 = 0. Is m a prime number?
False
Suppose 15*d = 9*d + 12. Suppose -x + 6*x = -d*i + 17, -2*x + 10 = 0. Is 433 + 7/((-7)/2) + i composite?
True
Let n(k) = 5740*k + 669. Is n(4) prime?
True
Let p(t) = 2*t**2 - 26*t - 9. Let o be p(13). Is (114322/39)/((-6)/o) a composite number?
False
Is ((-2)/((-6)/6519) + 6)*29 prime?
False
Is (-4*(-208542)/(-36))/(2/(-3)) a composite number?
False
Let y(a) = a**3 + 8*a**2 - 9*a - 3. Let n be y(-9). Let q be (0 + 1 + -1)*(-3)/(-6). Is (q - (-1 - n))/(2/(-223)) a prime number?
True
Let d = 531 + -526. Is d/(-40) - 82047/(-56) composite?
True
Let n = -5033 - -7941. Suppose i + 0*i - 51 = 0. Let q = i + n. Is q a composite number?
True
Let l(h) = -2455*h**2 + 7*h + 7. Let j(c) = 2456*c**2 - 8*c - 8. Let z(q) = -6*j(q) - 7*l(q). Is z(-1) a prime number?
False
Let s(w) = 190*w**2 - 10*w + 17. Suppose y = 5*a + 7, 9 = 3*y + 7*a - 10*a. Is s(y) a composite number?
False
Suppose 51*m - 400 = 47*m. Is (-1126)/3*(-5)/(m/90) composite?
True
Suppose -89*m + 86*m = c - 330070, -3*m - 4*c = -330073. Is m prime?
True
Is 25 + (-4302353)/(-44) + ((-30)/(-8))/3 composite?
True
Let s be 5 + -4 + -2*23. Let c = 375 + s. Let w = c - 11. Is w composite?
True
Suppose w + 4 = 7. Suppose w*g + 0*g = -g. Suppose g = 3*d + 2*l - 669, -2*d - l + 446 = 2*l. Is d prime?
True
Suppose 0 = 2*o - 6 - 12. Suppose 10*v + 1 + o = 0. Let m(b) = -30*b + 3. Is m(v) a prime number?
False
Let z = 26157 - -207464. Is z a composite number?
False
Let r = -34186 + 74573. Is r prime?
True
Let p(u) = 9*u**3 - 5*u - 6*u**2 + 2 + 2 - 10 - 5. Is p(7) a composite number?
True
Let z(i) = 12*i + 17. Let p(x) = -1. Let t(o) = -6*p(o) + z(o). Let b be t(7). Suppose 2*m - 315 - b = 0. Is m a composite number?
False
Suppose -31*n + 341878 = -31827. Is n a prime number?
False
Suppose -127*x = -159*x + 1527136. Is x a prime number?
False
Suppose 12*z - 6*z = -6912. Suppose -5*r + 2*d - 10521 = -2*d, -2*r + 2*d = 4208. Let t = z - r. Is t prime?
True
Suppose 53*v = 38*v - 270. Let o(f) = -123*f - 91. Is o(v) composite?
True
Suppose -6*x - 3249 = 13*x. Is (-5664)/(-19)*1 + 18/x composite?
True
Let f(x) = -54*x + 10. Let v be f(-2). Let r = v + 13. Is r composite?
False
Let b be ((-974)/4)/(3/(-30)). Let t = -1589 + b. Let m = t + -429. Is m composite?
True
Suppose 131*u = 331*u - 152*u - 3352656. Is u a prime number?
True
Let o = 174079 - 98946. Is o a composite number?
False
Is ((18925/20 - -8) + 4)*4 a prime number?
True
Let k = -423 + 2593. Suppose 4*x - k = -2*c, c - 330 = 5*x - 3032. Is x composite?
False
Let m be (-10)/105 + -5 + 208/(-21). Is 5/m*-9 + 100 a composite number?
False
Let f(s) be the second derivative of s**3/6 + 5*s**2 + 18*s. Let d be f(-7). Is (1/3)/(d + (-21616)/7206) a prime number?
True
Suppose 0 = 9*w - 13 - 32. Suppose -3*l - 2*f + 31 = 0, -w = f - 1. Suppose 0 = -q + 3*v + 131, 2*q + v - 284 = l. Is q a composite number?
True
Let z(d) = 24*d - 30*d + 5 + 1 - 3 - 2. Let l(j) = -j**3 + 5*j**2 + 6*j - 1. Let h be l(6). Is z(h) prime?
True
Let m = -286199 + 406518. Is m a composite number?
False
Let r(n) = -2001*n**3 + 143*n**2 + 932*n - 13. Is r(-7) prime?
False
Let t(d) = 2*d**3 - 7*d**2 - 7*d + 7. Let j be t(4). Is 3819 - j/(-1 + 0) a prime number?
False
Suppose 5504 = -20*c + 28*c. Suppose -r + 4 + 2 = 0. Let h = c + r. Is h prime?
False
Let h(a) be the first derivative of -19*a + 1/3*a**3 + 3 + 11/2*a**2. Is h(9) a prime number?
False
Let f be (3/(-6))/(1/(-4)). Let g(r) be the third derivative of 935*r**4/24 + 19*r**3/6 + 789*r**2. Is g(f) a composite number?
False
Suppose 9*w - 894 + 138 = 0. Suppose 27464 = -76*b + w*b. Is b composite?
False
Let k(j) = -7503*j + 0 - 1 + 3754*j + 3738*j - 4. Let u = -11 + 7. Is k(u) a prime number?
False
Let k(a) = a**3 + 12*a**2 - 15*a - 20. Let b be k(-13). Suppose -b*r = -2776 - 2630. Is r prime?
False
Let q be 402/4 - (-36)/(-24). Suppose 0 = q*h - 101*h + 1026. Suppose 5*t - 843 = -k, -4*k = -3*t - k + h. Is t prime?
False
Let q(f) = -80805*f - 11902. Is q(-13) prime?
True
Suppose 0 = 104*z - 109*z + 84205. Is z prime?
False
Let x(p) = -p**2 + 8*p - 18. Let r be x(7). Let y = r - 0. Let j(a) = -22*a - 25. Is j(y) a composite number?
True
Suppose -8 = 4*n + 4*t, -t + 10 = -0*n + 5*n. Let z be (-103 - -83)*(34/(-10) + 3). Suppose z*q - 10995 = n*q. Is q a prime number?
False
Let t = 5073397 - 2629026. Is t a composite number?
True
Let a = 438 - 414. Suppose 0 = -a*r + 84604 + 15068. Is r a prime number?
True
Suppose -16*p + 1166 = -4402. Let z = -49 + p. Is z a prime number?
False
Let v = 44 - 56. Suppose x = -3*n - 21, 0 = -3*x - 3*n + 2*n - 31. Is (-4)/v + (-2958)/x prime?
False
Suppose 0 = 11*y - 3*y - 32. Let f = 12 + y. Suppose -20*q + 1516 = -f*q. Is q a composite number?
False
Suppose 0 = -5*m + 4*y + 2477, 4 = -2*y - 2. Suppose 5*r - 5*b + m = -217, -r - 132 = -3*b. Let t = r - -224. Is t a composite number?
True
Suppose -o - 788 = 3*x - 93145, 11*x = 88. Is o composite?
False
Let r(i) = 39*i**3 - 11*i**2 + 16*i - 7. Let q be (-96)/(-15) - (-20)/(-50). Is r(q) composite?
False
Let v = 850208 - 357819. Is v composite?
False
Suppose -k - 18 = -30. Suppose 0 = 2*a - 5*w - 15, 4*w + k = 3*a. Suppose -2*d + q + 585 = a, -2*d = 2*q - 30 - 558. Is d a composite number?
False
Suppose f - 661681 = -2*r, 0 = 4*f + 349*r - 352*r - 2646713. Is f prime?
True
Let h be ((-132)/(-20) - 1)*(-1 + 6). Let r = -30 + h. Is (473/4)/(r/(-8)*1) a composite number?
True
Let w(q) = 1448*q + 145. Suppose 45 = 4*b - 15*n + 10*n, -b = -2*n - 9. Is w(b) a composite number?
True
Suppose -40 = -144*i + 136*i. Suppose -3*g - i*z = -5588, 7449 = 4*g + 11*z - 6*z. Is g composite?
False
Let u be (-1)/(-3) + 169820/84. Suppose -u = -17*t + 1769. Is t composite?
False
Is (7/(70/44085))/(15/10) a composite number?
False
Suppose 4*y + t = -25 - 57, 3*y + 71 = 4*t. Let f(w) = -5*w**3 - 88*w**2 - 30*w - 8. Is f(y) prime?
False
Suppose 4*y = 14 + 6, 4*y = -x + 33. Suppose -x = -5*t + 2. Is (-25185)/(-20) - t/12 composite?
False
Suppose w - 3*g - 366 = 0, 0 = -2*g - 2 - 0. Let s(p) = 112*p - 94. Let n be s(-1). Let x = w + n. Is x a prime number?
True
Suppose b = -32*d + 30*d - 12510, -5*d + 37574 = -3*b. Let j = -6895 - b. Is j a composite number?
False
Let u(j) = 1706*j**2 - 2*j - 7. Let c be u(3). Suppose 0 = 4*l - 4*a - a + c, 3*l = 2*a - 11497. Let g = -2678 - l. Is g a prime number?
True
Suppose 4*h + g = 2*h - 3592, -h + 2*g - 17